ose -2*a + b*p + 49 = -9, 0 = -a + 4*p + 35. What is the highest common divisor of 9 and a?
9
Suppose -z - 3*z = 3*c - 113, 5*z + c = 144. Suppose a = z + 356. Suppose 3*f - a = -2*f. What is the highest common divisor of f and 7?
7
Suppose c + 1 = 0, -3*y = -6*y + 4*c + 16. Suppose 2*i = -5*q - 0*i + 127, 0 = -5*q - y*i + 119. What is the greatest common divisor of 243 and q?
27
Let h be -27*(0 - 1/3). Suppose -4*n = n - 70. Let z = n - h. What is the greatest common factor of z and 5?
5
Suppose 1 = -3*g - 2*j, g - 5 = -5*j - 27. What is the greatest common divisor of g and 3?
3
Suppose -3*m + 58 + 14 = 0. Suppose 0*h - 15 = -5*h. Calculate the highest common factor of h and m.
3
Let v(z) = -z**3 + 6*z**2 + z + 7. Let g be v(6). Calculate the greatest common factor of g and 13.
13
Suppose 4*l - 386 = -3*v, l - 502 = -4*v + 2*l. Let m(w) = -30*w**2 + w + 1. Let i be m(-1). Let a = i + 44. Calculate the highest common factor of a and v.
14
Let h(j) = -369*j**3 + 2*j**2 + 4*j + 2. Let u be h(-1). Calculate the highest common factor of u and 41.
41
Let t be (0 - 8) + (-4)/(-2). Let w(u) = u**2 + 4*u - 8. Let d be w(t). Let y = -16 + 44. Calculate the greatest common factor of y and d.
4
Suppose 0 = -3*i + 11 + 4. Suppose -4*r + i*j + 229 = 0, r + 0*j - j = 57. What is the highest common factor of r and 7?
7
Let z(o) = -o + 1. Let l be z(3). Let h be 22/((16/(-84))/l). Suppose 5*j - 5*i = 110, i + 4*i = -5*j + 100. Calculate the highest common divisor of j and h.
21
Suppose -5*b + 157 + 83 = 0. Let f be ((-12)/8)/((-1)/4). What is the greatest common divisor of b and f?
6
Let m(l) = -11*l**3 + l**2. Let y be (4/6)/(4/(-6)). Let d be m(y). Suppose 2*q + d = 3*q. Calculate the greatest common divisor of 30 and q.
6
Let r(j) = -2*j**3 - 12*j**2 + 10*j + 4. Let o be r(-7). What is the greatest common divisor of 40 and o?
8
Suppose 3*m - m - 20 = 0. Suppose m = x - 2*x. Let j = -1 - x. Calculate the highest common divisor of 9 and j.
9
Let c be (-12)/(-15)*(0 + 60). Calculate the highest common factor of 16 and c.
16
Let t(l) = 2*l + 45. Let s be t(-14). What is the greatest common factor of 17 and s?
17
Suppose 17 - 64 = -p - 5*m, p - 5*m - 97 = 0. Calculate the highest common divisor of p and 9.
9
Let q be 1022/3 - 5/(-15). What is the highest common divisor of q and 31?
31
Suppose -5*x = 4*a - 6*a + 12, -4*x = -2*a + 10. Let v be -1 + a - (-17 + -1). What is the greatest common factor of 54 and v?
18
Suppose -3*a - p + 31 + 76 = 0, 0 = -a + p + 29. Suppose 4*n - a = -s - 0*s, 2*n + 46 = 3*s. Let r = -127 + 133. Calculate the highest common factor of s and r.
6
Let q(g) = -g**3 + 7*g**2 + 12*g - 16. Let x be q(8). Calculate the greatest common divisor of x and 48.
16
Let i(x) be the second derivative of x**4/12 + x**3/3 - 2*x**2 - 2*x. Let m be i(-6). Calculate the greatest common factor of m and 80.
20
Suppose 4*t - 40 = -4*u, 2*u - t - 6 = 4*t. Let a(f) = -29*f + 1. Let l be a(-3). What is the highest common factor of u and l?
8
Suppose -2*i + 318 = -0*s + 4*s, -20 = -4*i. What is the highest common divisor of 22 and s?
11
Suppose 2*l = 5*l - 96. Suppose 5*g - 18 = l. What is the greatest common factor of 2 and g?
2
Suppose -4*s + 8 = -12. Let d(z) = -z**2 + 5*z + 5. Let y be d(5). What is the greatest common factor of s and y?
5
Let s(x) = 2*x - 11. Let d be s(9). Suppose d*o - 2*o = -5. Let j(y) = -13*y. Let z be j(o). What is the highest common factor of 104 and z?
13
Let c be 2 + (-1)/(1/(-36)). Let m(i) = -5*i**3 - 4*i**2 + 2*i + 2. Let y be m(-3). What is the highest common factor of y and c?
19
Let r = 20 + -8. Let l = -23 + r. Let z = l - -209. Calculate the highest common factor of 18 and z.
18
Suppose -4*i + 0*i = -5*b - 1, -i + 13 = 3*b. Calculate the highest common divisor of 18 and i.
2
Suppose -15 = -o - y, -55 - 10 = -4*o - 5*y. Let q = 20 - o. What is the highest common divisor of q and 100?
10
Suppose 4 = -o + 9. Suppose 4*i = o*n + 48, -2*i + 4*i - 2*n = 24. Suppose 11 = 2*z - 3*y, 3*z + 2*y - 10 = -0. Calculate the highest common factor of z and i.
4
Let d = 8 + -3. Let t be (15/(-9))/((-2)/66). Calculate the greatest common factor of t and d.
5
Suppose 4*t = 8*t - 40. Suppose 0 = -4*s - 9 + 69. What is the greatest common factor of s and t?
5
Suppose 3*h - 3*d = 375, h + d - 135 = 4*d. Let x(w) = 4*w**2 - 1. Let g be x(-2). Calculate the greatest common factor of g and h.
15
Let o(q) = q + 21. Let c be o(0). Calculate the greatest common divisor of 14 and c.
7
Suppose -2*u - 3*u + c + 43 = 0, -4*u + 3*c + 41 = 0. What is the greatest common divisor of 12 and u?
4
Suppose 0*b + 2*b = 168. Let a = b - 56. Calculate the greatest common divisor of a and 4.
4
Let n = 40 - -100. What is the greatest common divisor of n and 20?
20
Suppose -5*a + 121 = -229. Let q = 37 + -27. Calculate the highest common divisor of q and a.
10
Suppose -2*u + 3 = -23. Let w be (0 - 0) + -1 + u. Calculate the highest common factor of 30 and w.
6
Suppose 0 = -4*o - 30 - 322. Let t = 2 - o. Suppose 0 = -z + 4*z - t. Calculate the greatest common divisor of 10 and z.
10
Let f be 6 - (6 - (5 + -2)). Let z(b) = 2*b**2 - 4*b + 5*b**2 + 2 - 3*b**2. Let k be z(f). What is the highest common factor of 39 and k?
13
Let r be -2 + 2 + -3 + 2. Let a be 14/6*r*-12. Let v = 49 + a. Calculate the highest common factor of 7 and v.
7
Let r(v) = 31*v - 5. Let g be r(4). Calculate the highest common divisor of g and 51.
17
Suppose 2*i + 3*i = -g + 25, -2*i = 3*g - 10. Let u be i + 2 + -3 + 1. What is the highest common factor of u and 5?
5
Let y(c) = 15*c**2 + 1. Let d be y(-1). What is the highest common factor of 64 and d?
16
Let d(k) = -k**3 - 4*k**2 + 4*k - 3. Let y be d(-5). Suppose -y*u - 2*u = 32. Let p be u/4 - 84/(-2). What is the highest common factor of 16 and p?
8
Let u(g) = -g**2 - 6*g - 15. Let c be u(-7). Let j = c - -52. Calculate the highest common divisor of 30 and j.
30
Suppose -6 = -i + 2. Suppose -4*p - 4*z + i = 0, 3*p - p = 3*z + 14. Suppose p*q = -0*q + 68. Calculate the greatest common factor of 51 and q.
17
Let b(f) = f**3 - 4*f**2 - f - 9. Let o be b(5). Calculate the greatest common factor of 88 and o.
11
Let v be ((-4)/(-8))/((-2)/24). Let b = v + 12. Let r(k) = 2*k**3 - 3*k**2 + 2*k - 3. Let n be r(3). Calculate the greatest common factor of b and n.
6
Let m = -6 - -9. Suppose -84 = -2*c - 4*t, 5*c = t + 91 + 86. Suppose 30 = m*p - c. Calculate the greatest common divisor of 33 and p.
11
Let z(x) = -x**3 + 10*x**2 + 10*x - 10. Let s be z(10). Calculate the highest common factor of 60 and s.
30
Suppose -5*n - 12 = -6*n. Let q be ((-24)/48)/((-1)/24). What is the greatest common factor of n and q?
12
Let f(r) = -2*r**2 + 44*r + 19. Let g be f(22). Calculate the highest common factor of g and 171.
19
Suppose -14 = -3*d + 2*d. Let p be (-4560)/35 - 4/(-14). Let x = p - -256. Calculate the greatest common divisor of d and x.
14
Let x(w) = w**3 + 6*w**2 - 5*w + 16. Let i be x(-7). Let h be (-1 - -2) + 2 - 1. What is the greatest common factor of i and h?
2
Let h be 4 - -3 - 2*1. Suppose -i - 5*f = -29, h*f - f - 12 = 2*i. Suppose 2*j - 3*j = q - 196, -176 = -q + i*j. What is the highest common divisor of 24 and q?
24
Suppose -r - 42 = -5*t - 0*t, -5*r - 18 = -t. What is the highest common factor of t and 40?
8
Let u be 2 - 3 - (-4)/2. Let g be -2 + 0 + u + 34. Let x(d) = d**3 - 4*d**2 + d - 1. Let m be x(4). What is the highest common factor of m and g?
3
Suppose j - 90 = 150. Let y be (3/(-2))/((-18)/j). What is the highest common factor of y and 8?
4
Let r(x) = 2*x**2 - 5*x + 2. Let y be r(5). Suppose 2*a + 4*j - 7 - y = 0, -3*j - 35 = -4*a. What is the greatest common factor of 1 and a?
1
Suppose -5*y + 0*y = -55. Calculate the highest common factor of y and 88.
11
Let c(f) = -f**3 + 14*f**2 - 17*f. Let k be c(12). Calculate the greatest common divisor of k and 21.
21
Let k be (93/15 + -3)/((-1)/(-5)). What is the highest common divisor of 48 and k?
16
Suppose 2*w = 4*w - 56. Suppose 3*l - 5*s = 15, 5*s + 10 = 2*l + s. Suppose -3*z + l*z = w. What is the highest common divisor of 35 and z?
7
Let s be (-12)/(-8)*(3 - (-15)/(-9)). What is the highest common divisor of s and 2?
2
Let o(a) = -5*a - 70. Let j be o(-20). What is the greatest common 